What is l(5)?
-9
Let p(i) = i**2 + 3*i - 3. Let j be p(0). Let x(q) = 3*q**2 + 2*q. Determine x(j).
21
Let x be 0/1*(-1)/1. Let h be x + -2 - (0 + -10). Let r(p) be the third derivative of p**6/120 - 3*p**5/20 + 3*p**4/8 - 3*p**3/2 + 22*p**2 - 34*p. What is r(h)?
-1
Let d(y) = -y**2 + 26. Suppose 0 = 17*p - 28*p. What is d(p)?
26
Let t(u) = 4*u + 6. Let l be (-9 - -11)*(0 + 1). Suppose 0*y - l*y + 4 = 0. Suppose -2*q - y*o = 12, 8 = -3*q - q + 4*o. Give t(q).
-10
Let o be (2/(-3))/((-3)/9). Let p be (-42)/(-7) + o*2/(-4). Let j(t) = -t**3 + 6*t**2 - 7*t + 2. Determine j(p).
-8
Let k(q) = -q**3 + 6*q**2 + 258*q + 3 - 264*q + q**2. Give k(6).
3
Let j(w) = -w - 2. Let f(x) = -16*x - 13. Let a(h) = f(h) - 6*j(h). Determine a(1).
-11
Suppose 4*g - 13*a + 8*a + 12 = 0, 4*g - 4*a + 8 = 0. Let f(b) = b**3 - b**2 + 3*b - 1. Give f(g).
9
Let j(s) be the first derivative of -5*s + s**2 - 7/6*s**3 + 2 - 1/20*s**5 - 7/12*s**4. Let q(h) be the first derivative of j(h). Give q(-5).
-13
Let h(c) be the first derivative of -15 - 8*c - 1/2*c**2. Determine h(-7).
-1
Let b(a) be the second derivative of -a**8/6720 - a**7/630 - a**6/144 - a**5/30 + 4*a**4/3 + 17*a. Let t(n) be the third derivative of b(n). Calculate t(-3).
2
Let i(j) = 31*j**3 + 47*j**2 + 35. Let p(z) = -11*z**3 - 16*z**2 - 12. Let l(w) = -6*i(w) - 17*p(w). Give l(10).
-6
Let d be (-128)/(-20) + (37/(-5) - -7). Let r(p) = p**3 - 4*p**2 - 10*p - 7. Calculate r(d).
5
Let u(h) = h**3 - 8*h**2 - h - 10. Let m(y) = y**2 + 21*y + 8. Let r be m(-21). Calculate u(r).
-18
Let c(b) = 3*b**2 - 5*b - 3. Let z(y) be the third derivative of 1/3*y**3 + 1/6*y**4 + y**2 + 0*y + 0 - 1/30*y**5. Let n(g) = -3*c(g) - 4*z(g). Calculate n(-2).
-1
Let n(p) = -3*p - 13. Let f(g) = -2*g - 9. Let s(j) = -5*f(j) + 3*n(j). Calculate s(0).
6
Let a(d) = d**3 + 4*d**2 - 6*d - 2. Let t(w) = w**3 + 2*w**2 - 2*w - 1. Let x be ((-2)/(-1))/(1 + -2). Let q be t(x). Suppose -20 = 7*r - q*r. Determine a(r).
3
Let h(x) = 7*x**3 - 4*x**2 - 8*x + 7. Let w(l) be the first derivative of -7/2*l**2 + 6*l + 5 - 4/3*l**3 + 3/2*l**4. Let o(f) = 5*h(f) - 6*w(f). Give o(4).
7
Suppose -8 = -l + 3*l. Let k(n) = -10*n**2 + 2*n + 5. Let s(p) = -19*p**2 + 3*p + 9. Let u(c) = l*s(c) + 7*k(c). Give u(1).
7
Let b(s) = 14 + 43*s - 27*s - 6*s**2 - 15*s + s**3. Give b(5).
-6
Let i(d) = 1 - 20*d + 3 - 4 + 17*d - 2. Give i(7).
-23
Let u(t) = -t**3 + 5*t**2 + 3*t + 6. Let o be u(6). Let g = 20 + o. Suppose 0 = 4*d + k + g, -d + 3*k + 0 - 2 = 0. Let b(j) = -j**3 - 2*j**2 - j - 2. Give b(d).
0
Let z(d) = 77*d - 27. Let f(b) = -15*b + 6. Let o(k) = 11*f(k) + 2*z(k). Determine o(3).
-21
Let z = -43 + 47. Let l(n) = -z*n - 1 + 9 - 3. Let o(s) = s**2 + 4*s + 4. Let y be o(-4). Calculate l(y).
-11
Suppose -6*n + 3 = -15. Let g(z) = -1 + 5 - n*z**2 - z**3 - 3*z - 3 + 1. What is g(-3)?
11
Let m(t) = -49*t**2 - 17*t - 10 + 5*t**3 - 4*t**3 + 1 + 55*t**2. Determine m(-8).
-1
Suppose 18 + 6 = 6*w. Let b(k) = 6*k - 10. What is b(w)?
14
Let n(t) be the first derivative of t**6/360 + t**5/40 + t**4/24 + 4*t**3/3 + 14. Let a(y) be the third derivative of n(y). Determine a(-4).
5
Let p(k) be the second derivative of k**3/6 + 5*k**2 - 206*k. Calculate p(7).
17
Let r be (-12)/18*(-10 - (-20)/5). Let v(o) = o**2 - 2*o - 4. Give v(r).
4
Let j be -3 + -4*(2/(-4) + 0). Let m(y) = 7*y**3 + 71 + y + 5*y**3 + 66 - 136 - y**2. Calculate m(j).
-13
Let n(t) = t + 5. Suppose 5 = -26*x + 31*x. Let b = x - 1. Determine n(b).
5
Let y(n) = 2*n + 3. Let s(t) = -t - 1. Let z(c) = 5*s(c) + 2*y(c). Give z(11).
-10
Let h(u) = u + 12 + 7*u**3 - 20 - 17*u**2 + 23. Let x(d) = -4*d**3 + 9*d**2 - 8. Let v(f) = 3*h(f) + 5*x(f). Give v(4).
-15
Let w(k) = 10*k**2 - 16*k - 9*k**2 - 1 - 1 + 19*k - 11*k**3 - 3*k**2. Calculate w(1).
-12
Let r(a) = a**2 - 8*a. Let t(y) = y**3 + 31*y**2 - 31*y + 32. Let k be t(-32). Suppose k = -13*p + 5*p + 64. What is r(p)?
0
Let j(u) = -u + 7. Suppose 5*s = -0*s - 55. Let z = s + 22. Let f = -5 + z. What is j(f)?
1
Let r(m) = -m**3 + 4*m**2 - 2*m + 8. Let k be r(4). Let z(n) be the first derivative of n**4/4 - n**3/3 - n**2/2 + 5*n - 3. Give z(k).
5
Let h be (-2)/4 - 39/78. Let p(t) = 10*t**2 + 0 - 5*t - 1 + 3*t. What is p(h)?
11
Let t(y) = 4*y - 13. Let w = -1596 + 1600. Calculate t(w).
3
Let q(l) = l**2 + 5 - 3 + 2*l**2 - 4*l**2. Suppose 18 = 28*x - 19*x. Give q(x).
-2
Let z(l) = -10*l + 38*l - 23*l - 4. Give z(2).
6
Let b be -1*(-1)/2 - (-585)/(-130). Let c(f) = -f**3 - 5*f**2 - 3*f + 2. Give c(b).
-2
Suppose 0 = r + 3*b - 14 - 0, b = -3*r + 18. Let a(w) be the third derivative of -1/3*w**3 + 0 + 0*w - 1/24*w**4 - 15*w**2. What is a(r)?
-7
Let x be 48/(-2)*48/(-64). Let a = -11 + x. Suppose 11*k = a*k + 24. Let y(l) = -2*l + 3. What is y(k)?
-9
Let v(a) = -2*a - 1. Suppose 3*j = -o - 8, -14*o + 11*o = -2*j - 31. Give v(o).
-15
Let x(n) = -3*n + 8. Let r(a) = -9*a + 18. Let y(i) = -3*r(i) + 7*x(i). Determine y(-2).
-10
Let g(v) be the first derivative of -v**2 - v + 1. Suppose -41*j + 48 = -33*j. Calculate g(j).
-13
Let r(s) = 2*s + 7. Let h be 106/371 + (-60)/14. Determine r(h).
-1
Let g(k) = -k**3 - 3*k**2 + 13*k + 4. Let v be g(-6). Let x = -29 + v. Suppose -x*c - 4 + 14 = 0. Let d(l) = -4*l**2 + 3*l. Calculate d(c).
-10
Let x(s) be the third derivative of -s**6/60 - s**5/60 + s**4/6 - s**3/2 + 163*s**2. What is x(2)?
-15
Let n(u) = -23*u + 5. Let o(q) = -12*q + 3. Let j(y) = 4*n(y) - 7*o(y). Suppose x - 11 = -8. Suppose 5*f + 28 = x*h, 7*h + 2*f + 5 = 2*h. What is j(h)?
-9
Let m(l) = l**2 + 11*l - 15. Suppose 57 + 135 = -16*p. Calculate m(p).
-3
Let i(s) = s**2 + 4*s - 3. Suppose -4*u + 2*t + 14 = 0, 14 = 4*u + 5*t - 21. Suppose -6*r = -u*r + 3. Give i(r).
-6
Let m(v) be the first derivative of -v**3/3 + 3*v**2/2 + 4. Suppose 3 - 11 = -2*a. Give m(a).
-4
Let p(t) = t - 1. Let y be (-1 + 26/12)*-6. Determine p(y).
-8
Let p be -6*(-8 + 4)/12. Suppose -3 = q - p*q. Suppose -q*v + 0*v - 6 = 3*c, 3*v - 34 = 5*c. Let y(h) = -h**3 + 2*h**2 + 3*h - 1. Calculate y(v).
-1
Let m(o) = -o - 7*o**2 + 0*o**2 - 3 + 4*o**2 + 2*o + 2*o**2. Suppose 2*a - 7 = 1. What is m(a)?
-15
Let i be ((-108)/12)/((1 - 2)*3). Suppose 0 = -4*b + 3*v - 48, i*b = 3*v - 2*v - 31. Let p(l) = -l**2 - 9*l - 3. What is p(b)?
-3
Let r(z) = -598 + 294 + 293 - z. What is r(-9)?
-2
Let h(t) = 8 + 5 + 2*t**2 + t**3 + 9*t**2 + 7*t + 11*t - 7*t. Let g(a) = 3*a - 4. Let k be g(-2). Give h(k).
3
Let l(w) be the first derivative of w**2 - w + 60. Suppose c = -4*t + t + 181, 124 = 2*t + 4*c. Let r be (-2)/5 + t/25. Calculate l(r).
3
Suppose -4*j - 10 = -5*m, 0 = 2*m - 7*m + 5*j + 10. Let h be (-6)/m*1/(-3). Let f(k) = -16*k + 1. What is f(h)?
-15
Suppose 5*g = 4*g + 6. Let v be 51/7 + 4/(-14). Let n(u) = -8*u**2 + v*u**2 - g - u + 0*u**2. What is n(0)?
-6
Let d(g) = g - 1. Suppose 2*p = -2*m - 3*m - 15, 3*m = -4*p + 5. Let s(f) = -4*f + 8. Let a(y) = p*d(y) + s(y). Give a(-2).
1
Let t(z) = 12 - 7*z**3 - 6*z**3 + 11*z**3 - 2*z**2 - 10 - 9*z**3. What is t(1)?
-11
Suppose -2*a - 6 = 0, 3*g + 11 = -5*a - 4. Let j be -4 + -7*(-1 - g). Let h(i) = -2*i - i + 4*i. What is h(j)?
3
Suppose -4*b - 5 + 27 = 2*y, -5*b + 26 = 2*y. Let g be 0 + 3 - (y - -4). Let o(u) be the third derivative of u**5/60 + 5*u**4/24 + 4*u**2. Give o(g).
-4
Let j(t) be the third derivative of -1/6*t**3 + 17/60*t**5 + 0*t**4 + t**2 + 0*t + 0. Calculate j(1).
16
Let m(i) be the third derivative of -i**4/4 + 3*i**3/2 + 13*i**2. Let l(a) = -7*a + 9. Let u(s) = 5*l(s) - 6*m(s). Calculate u(8).
-1
Let p(a) = -a**3 - 6*a**2 - a - 5. Let i(g) = 0*g**2 - 6*g**2 + 7*g**2. Let l(f) = -i(f) - p(f). Give l(-5).
0
Let t(m) = 3*m - 2. Let j be 1*(-5 + 4) - -2*2. Determine t(j).
7
Let k(s) be the first derivative of 4*s**3/3 - 3*s**2/2 + 7*s + 9. Let y(z) be the first derivative of k(z). Determine y(2).
13
Let l(i) = -2*i + 8. Let m be l(6). Let g = 7 + m. Suppose 1 = 2*k - g*b, -k = 3*b + b - 6. Let v(c) = c**3 - 2*c**2 + c. Calculate v(k).
2
Let j(a) = -a - 3. Let r be 96/27 + (-62)/(-18) + -3. Give j(r).
-7
Let m be -4 - (2 + (-2 - -1)). Let k(u) be the second derivative of 3*u**2 + 1/6*u**3 + 6*u + 0. Determine k(m).
1
Let f(p) = p + 9. Let j be f(-7). Let l(i) = -j - 4*i**2 + i + 1 - 3*i**2. Let h = -3041 - -3042. What is l(h)?
-7
Let n = 51 + -45. Suppose -19*c + 